 + 16 + 6 = -4*p. Let c(l) = p*j(l) + 6*r(l). Give c(-1).
-1
Let k be (-20)/(-4) + -8 - -8. Let d(a) be the third derivative of -1/15*a**k + 0*a + a**2 + 0 - 1/3*a**3 + 1/4*a**4 - 1/120*a**6. Give d(-5).
-7
Let w(f) = -18*f - 5. Let z(t) = -6*t - 2. Let a(k) = -3*w(k) + 8*z(k). Let l = 7 + -6. Calculate a(l).
5
Let j(y) = 8 - 14 + 6 - y**2 + 4*y + 1. Let a(z) = 5*z. Let c be a(1). Calculate j(c).
-4
Let k(n) = n**3 - 8*n**2 - 7*n - 12. Let o = 27 + -18. Let a be k(o). Let s(r) = r**3 - 7*r**2 + 5*r - 1. Give s(a).
-7
Let j(u) = -2*u**2 + u. Let h(g) = -2*g + 9. Let q(b) = -b + 8. Let l(w) = -2*h(w) + 3*q(w). Let v be l(-5). Suppose 0 = -2*d + 3 + v. Calculate j(d).
-6
Let u(m) = 5*m**3 - 5*m**2 - 2*m + 4. Let c(p) = 9*p**3 - 9*p**2 - 4*p + 7. Let t(x) = 6*c(x) - 11*u(x). What is t(-2)?
14
Let r = 6/505 - 43/12120. Let o(b) be the third derivative of -1/20*b**5 - r*b**6 - b**2 + 0 + 1/2*b**3 + 1/8*b**4 + 0*b. What is o(-3)?
-6
Suppose 0*c - 3*c = 0, 5*c = 2*k + 12. Let h(y) = -y**2 - 5*y - 4. Determine h(k).
-10
Suppose -2*a - 5*b = a - 1, 19 = -5*a + 2*b. Let l(m) = m**3 + 2*m**2 - 5*m - 2. Determine l(a).
4
Let i(s) = -s - 7. Let q(d) = 5*d. Let h(f) = -11*f - 1. Let o(v) = -6*h(v) - 13*q(v). Let y(p) = -3*i(p) - 4*o(p). What is y(4)?
-7
Let s(d) = 1 - 2*d + 227*d**3 - 112*d**3 - 114*d**3. Let q(o) = 3*o**2 - 2*o + 1. Let v be q(1). Give s(v).
5
Let b(d) be the first derivative of -d**4/2 - d**3 - d**2 - d + 18. Give b(-2).
7
Suppose -3*n = 4*w + 7, 3*w + n = -0*w - 4. Let g = -18 + 19. Let f(z) = -12*z**2 + 4*z + 1. Let r(d) = -d**2 + d. Let k(m) = g*f(m) - 4*r(m). What is k(w)?
-7
Let k be -10 + 8 + (0/(-2))/(-1). Let p(t) = -t**3 + 4*t + 3. Calculate p(k).
3
Let j(r) be the second derivative of -1/3*r**3 + 5/2*r**2 - 2*r - 1/12*r**4 + 0. Let p(m) = -m**2 - 3*m - 4. Let k be p(-3). What is j(k)?
-3
Let a(c) = -c**2 - 3*c + 13. Let h be a(-6). Let j(q) = 2*q + 6. Calculate j(h).
-4
Suppose -u - 2*x = -2*u + 4, -15 = -5*u + 5*x. Let j(i) = -i**2 + i. Calculate j(u).
-2
Suppose -4*z - 35 = -5*f, -3 = 3*z - 0*z + 4*f. Let g(h) = -h + 1. Calculate g(z).
6
Let j be (0 - -3)/(-3)*-3. Suppose -9 = -j*w + 24. Let d(n) = w - n**2 - n - 4 - 5*n. Give d(-6).
7
Let o(b) = -b**3 + 5*b**2 - 2*b - 3. Suppose -6 = 3*m + 3. Let f be 18/8 - m/4. Give o(f).
9
Let u(j) be the third derivative of j**4/6 - j**3/3 + j**2. Let b(r) = r**3 + 3*r**2 + 3. Let m be b(-3). Give u(m).
10
Let s = -7 - -4. Let b be -1*((1 - 0) + 0). Let v = s + b. Let r(x) = x**2 + 3*x + 1. Determine r(v).
5
Let x(t) be the first derivative of t**4/4 - t**3 + t**2/2 - 2*t + 1. Let b be (1/(-4))/((-9)/108). Determine x(b).
1
Let i be -2 - 3/((-9)/(-12)). Let m(k) = -2*k - 4. Let u be m(i). Let p(t) = -t + 6. Let x be p(u). Let o(j) = -j + 2. Calculate o(x).
4
Let h = -5 - -5. Let i(l) = -2*l - 5*l + 2*l - 4 + l**3 + h*l + 4*l**2. Determine i(-5).
-4
Suppose -5*l - 20 = 0, -2*x + 6*x + 5*l = 0. Let n(q) = q**2 - 6*q + 2. Give n(x).
-3
Let z(n) be the second derivative of n**8/6720 + n**7/840 + n**6/360 + n**5/60 - n**4/3 + 3*n. Let o(f) be the third derivative of z(f). Give o(-3).
-4
Let b(a) = -a**3 + a**2 + a + 6. Suppose -20 = -4*v + 5*y, 3*v - y = 4*v + 4. What is b(v)?
6
Let k(w) = -2*w - 5. Suppose 3*m - 7 = d + 3, 3*m + 4*d = 20. Let a(g) = -g + g - m + g. Let n be a(0). Calculate k(n).
3
Let x(d) be the first derivative of 5 + 2*d + 1/3*d**3 + 3/2*d**2 - 1/4*d**4. Give x(3).
-7
Let u(y) = 3*y**3 + 5*y**2 - 2 - 5*y**3 + 0*y**2 + 3*y**3. What is u(-5)?
-2
Suppose 0*a - 4*a = 0. Let j(n) = 5 + a*n + 1 - 4 - n. Let z be j(3). Let t(b) = 3*b + 1. What is t(z)?
-2
Let r(h) = h**3 - 6*h**2 - h + 4. Suppose 2*o - 34 = -3*z - 10, 4*o + 5*z = 44. Give r(o).
-2
Let s be (0/(-3 + 1))/2. Let h(l) = l**2 - l. What is h(s)?
0
Let x(m) be the second derivative of -m**5/20 + 7*m**4/12 + 7*m**3/6 + 9*m**2/2 + 4*m. Calculate x(8).
1
Suppose -s + 0 = -4. Let x = 7 - s. Suppose -4*a - 2*p = -2, -p - 9 = 3*a - x*p. Let y(l) = 4*l**2 - l. What is y(a)?
5
Let r(y) = -y - 8. Suppose 3*t - 3 = -9. Let q be -1 - ((-6)/2 - t). What is r(q)?
-8
Let s(g) = -g**2 - 8*g - 7. Let x = 30 - 38. What is s(x)?
-7
Suppose -1 = 6*o + 5. Let p(i) = 19*i. Determine p(o).
-19
Let v = -2 - -5. Let b(w) = w + w + v + w - 2*w. Give b(-5).
-2
Let c(b) = -b**3 - 4*b**2 - b. Suppose -h = -s - 2*s + 9, 15 = 2*h + 5*s. Let z be 0/5 - (h - 0). Suppose q + 4*g = z, -4*q = -g + 16 + 1. Give c(q).
4
Let v(r) be the first derivative of -r**4/4 - 2*r**3 - 2*r**2 - 4*r - 12. Determine v(-4).
-20
Let i(j) = j**3 - 4*j**2 + 5*j - 4. Suppose r + 3 = 2*r. What is i(r)?
2
Let a(t) = 4*t. Let z be a(-3). Let o be (6/4)/(9/z). Let k(j) = -4*j - 3. What is k(o)?
5
Suppose 0*j = -4*j + 4*l, j = -l. Let d(v) = -5 + 11 - 5*v + j*v. Let f(a) = 14*a - 17. Let o(p) = 17*d(p) + 6*f(p). Give o(-5).
5
Let i = -7 + 3. Let n(g) = g**3 + 2*g**2 - 4*g - 2. Let x(j) = j**3 + 2*j**2 - 4*j - 2. Let h(f) = i*n(f) + 5*x(f). Let t = 4 - 7. Calculate h(t).
1
Let m = -25 - -30. Let j(r) = -2*r + 3. Determine j(m).
-7
Let l(p) = p - 3. Let n be l(6). Suppose -n*g - 2*a - 20 = 0, 0 = -0*g - 3*g + 3*a. Let c(q) = -5*q + 4*q + 3*q. Determine c(g).
-8
Let v(b) = b**3 - 7*b**2 + 4*b - 2. Let u(p) = -p**3 + 6*p**2 - 3*p + 2. Let i(c) = -5*u(c) - 4*v(c). Determine i(2).
-4
Let l(p) be the third derivative of p**4/24 - 2*p**3/3 + 2*p**2. Let h be l(6). Let k(d) = -4 + h*d + 6 + 4. What is k(-6)?
-6
Let k(i) be the third derivative of -i**5/60 + i**4/24 - 22*i**2 + 3. Let c = -2 - -2. Determine k(c).
0
Let u = 11 - -4. Let c = 21 - u. Let o(b) = -2*b + 5. What is o(c)?
-7
Let m(i) = 13*i**2 - 15*i - 41. Let o(s) = 3*s**2 - 4*s - 10. Let q(z) = 2*m(z) - 9*o(z). Give q(7).
1
Let x = -7 + 9. Let h(a) = -2*a - 2*a**3 + 3*a + 7 + 2*a**x - 7. What is h(-1)?
3
Let a(g) = -4*g**2 - g - 4. Let p(t) = -3*t**2 - 3. Let w(d) = -2*a(d) + 3*p(d). Suppose -2*l = -0*l - 5*q - 14, 2*q = 2*l - 8. Give w(l).
-1
Let o(c) = c + 3. Let y be o(-3). Let u be (1 - y - 0) + -7. Let d(r) = -r**3 - 7*r**2 - 4*r + 7. Calculate d(u).
-5
Let k(u) = u**2 + u - 1. Let p(q) = -2*q**2 - 9*q + 5. Let w(n) = 3*k(n) + p(n). Determine w(3).
-7
Let k(x) = x - 5. Let m be k(5). Let i(v) = -v - 2. Suppose 4*f = -2*u + 20, 0*u + 2*f = 2*u - 2. Let j(s) = 3*s + 5. Let l(t) = u*j(t) + 11*i(t). What is l(m)?
-2
Let r(b) = -b**3 - 6*b**2 - 5*b + 1. Let z(y) = -y**2 + 11*y + 11. Let h be z(12). Let s be (0 - -2)*(-1)/h. Suppose -s*i = i + 15. Calculate r(i).
1
Let b(g) be the second derivative of -1/12*g**4 + 5/6*g**3 + 1/2*g**2 - 2*g + 0. Suppose 4*f = -f + 15. What is b(f)?
7
Let s(i) be the second derivative of -2*i**4/3 + i**3/3 - i**2/2 - 4*i. Determine s(1).
-7
Let w(a) = 2*a + 6. Let l(m) = 3*m + 11. Let t(z) = 3*l(z) - 5*w(z). Give t(4).
-1
Let y(a) = 4*a**2 + a - 1. Let j = -2 - -3. Let c be y(j). Let v(o) = o - 2. What is v(c)?
2
Suppose 6 + 6 = -3*i. Let s(n) = n. Give s(i).
-4
Let h(s) = 1 - 21*s + 54*s - 18*s - 13*s. Let x be (2 - (0 + 0))/2. Determine h(x).
3
Suppose -7*g = -27 - 8. Let c(s) be the second derivative of -s**6/360 + s**5/24 - s**3/6 + 2*s. Let a(m) be the second derivative of c(m). Calculate a(g).
0
Let a(c) = c**2 + 10*c + 9. Let h(s) = 1. Let i(g) = a(g) - 3*h(g). Give i(-4).
-18
Let y(n) be the second derivative of 1/6*n**3 + 0 + n - 1/12*n**4 - 5/2*n**2 - 1/20*n**5. Let k(p) = p**2 - 8*p + 7. Let i be k(7). Give y(i).
-5
Let m(h) = 3 + 4*h - 3. Suppose s - 4*p - 6 = -0*p, -5*s = -p - 11. Give m(s).
8
Let v(y) be the first derivative of y**4/12 - y**3/2 + y**2/2 - 3*y + 1. Let t(j) be the first derivative of v(j). Determine t(3).
1
Let u(h) = -1. Let w(v) = -v + 3. Let x(q) = -3*u(q) - w(q). Determine x(-2).
-2
Let i(u) = 3*u**2 + 6*u + 6. Let h(q) = -7*q**2 - 12*q - 13. Let z(c) = 2*h(c) + 5*i(c). Give z(-4).
-4
Let o(w) = -4*w + 4 - 8 - w**2 + w. Suppose j - 15 = 2*a, -12 = 2*a + 2*a. Let q = j + -13. Determine o(q).
-8
Let g = -3 - -1. Let a(f) = 3*f**2 - 11*f + 3. Let x(j) = j**2 - 5*j + 1. Let b(m) = g*a(m) + 5*x(m). Calculate b(-1).
1
Let o(b) = -4*b - b**3 + 7 - 2 + 1 + 5*b**2. What is o(4)?
6
Let d(n) = -9*n + 2. Let h(g) = 13*g - 3. Let z(p) = -7*d(p) - 5*h(p). Let r(b) = -b**3 - 5*b**2 - 2*b - 1. Let x be r(-4). Let a = -4 - x. Calculate z(a).
-9
Let r(o) be the third derivative